 l composite?
True
Let i = 167 - -111. Let w be (i + 1 - 1)/(-1). Is (w/6)/(17/(-51)) a composite number?
False
Let y = -1169975 - -1699624. Is y prime?
True
Let d(k) = 543*k**2 + 75*k - 1195. Is d(14) prime?
False
Let x be 266/(-14)*(-94)/(-1). Let a = 4037 + x. Is a composite?
False
Is 2863306/3 + (742/420 - 1/10) a prime number?
False
Let q = -11159 - -7261. Let w be q/(-12) - 10/(-60). Suppose 4*o + 3*d - w = 1300, -o - 3*d = -404. Is o prime?
False
Let y(k) = -k**2 - 12*k + 8. Let h be y(-14). Is ((-4510)/h)/((-4)/(-8)) prime?
False
Let a = 49 - 47. Suppose 48 = 3*g - 4*f, -f = -a*g + 38 - 11. Is ((-2962)/(-8) - 3/g) + 3 a composite number?
False
Let o = -30 - -74. Let l = o - 40. Suppose v + 57 + 84 = 2*n, l*v + 209 = 3*n. Is n a composite number?
False
Let h(y) = -10*y - 18. Let l be h(-4). Suppose -l*p + 2538 = -16*p. Let g = 1666 - p. Is g prime?
False
Suppose 0*i + 4*i = -172. Let g = 44 + i. Suppose -4*n - 53 = -y, -2*y = -3*n - 127 + g. Is y a prime number?
False
Let w(l) = 24*l**2 - 72*l - 243. Is w(92) composite?
True
Let i(q) = -26133*q**3 + 9*q**2 + 5*q + 11. Is i(-2) a prime number?
False
Suppose 22*o = -4*z + 25*o + 23, -2*z + 4*o + 24 = 0. Let j be -797*(2*-4 - -3). Suppose -z*v + j = 3*v. Is v composite?
False
Let a be 762/(-21) + 22/77. Is (65172/a)/(4/(-3) + 1) a prime number?
True
Let f(v) = v**2 - v - 1. Let y(w) = -58*w**2 - w - 1. Let b(q) = 4*f(q) - y(q). Suppose 10044*p + 2 = 10043*p. Is b(p) composite?
False
Let f be ((264/16)/11)/((-6)/(-30448)). Suppose 12433 + 2798 = 2*k + u, -3*u = -k + f. Is k a prime number?
False
Let l be ((-50)/15)/(-5) - (-5110)/3. Suppose 5*k - l = 9521. Is k prime?
False
Let x = -11 + 16. Suppose 0 = -s + x*s - w - 15632, 0 = -3*s - w + 11717. Is s composite?
False
Suppose 0 = -48*o + 50*o + 6, d - 73085 = 2*o. Is d prime?
True
Let u(m) = m**3 - m**2 + 17*m + 339. Let l be u(0). Suppose l*f + 15110 = 349*f. Is f a composite number?
False
Suppose 0 = -7*o + 28*o - 47691. Suppose o = g + 2*r - 5*r, 4*r + 9116 = 4*g. Is g a prime number?
False
Suppose 0 = -9*b + 1998 - 513. Let r(g) = b*g - 2 + 11 - 5 + 22. Is r(8) a composite number?
True
Let s(t) be the first derivative of -339*t**2/2 - 23*t - 13. Is s(-12) a prime number?
False
Let g(d) = 37950*d**2 + 5*d - 26. Is g(5) prime?
True
Let z(a) = -a**3 - 17*a**2 - 11*a - 16. Let t be z(-18). Let y = t - 331. Let w = -122 + y. Is w a composite number?
False
Suppose 20*i + 3507 = -39653. Let w = -105 - i. Is w composite?
False
Let v(z) = -44*z**3 - 13*z**2 + 30*z - 82. Is v(-8) prime?
False
Let z = 44 - 33. Suppose -13*s + 2 = -z*s. Is 23680/25 + 2/(-10)*s prime?
True
Let g(l) = -2*l**2 + 11*l + 17. Let p(r) = -8*r**2 + 34*r + 52. Let w(u) = 8*g(u) - 3*p(u). Is w(9) a prime number?
False
Let i = 23066 + -10389. Is i composite?
True
Suppose -5*r = 3*p - 21660, -r - 4*p = -3*p - 4332. Suppose -3*c = f - 5*c - r, 3*f - 4*c = 12996. Let b = f + -2281. Is b prime?
False
Is 1/(17/6231365) + -55*14/(-6545) prime?
False
Let r = 115 + -113. Is (2687 - (r - -4))/1 composite?
True
Let r(g) = 290*g**2 + 148*g + 149. Is r(-1) a prime number?
False
Let a(q) = 28*q**2 - 83*q - 2086. Is a(-19) a composite number?
True
Let u be (-2)/56*-52 + 1/7. Let i be (3/((-12)/(-8)))/u - -15. Is 3836/i - (-9)/(-12) a composite number?
False
Suppose 17395 = -1023*s + 1026*s - 10436. Is s a composite number?
False
Suppose 5*l = 2*n + 141303 + 645200, 3*l + 4*n = 471881. Is l a prime number?
False
Let r(x) = 277*x**3 - 14*x**2 + 97*x - 21. Is r(5) prime?
True
Suppose -4*g + 71 = -57. Suppose -5*i = 3*l, -4*l = -5*i + i + g. Suppose 0*t - 4*h + 1501 = i*t, -2*t - 2*h + 1000 = 0. Is t a composite number?
False
Suppose -23*o + 1152 = -22*o. Suppose -5*d + o + 5833 = 0. Is d a prime number?
False
Let z = 36701 + -7348. Is z a prime number?
False
Suppose 4*s + 5*y - 10*y - 2906379 = 0, -3*s + y + 2179776 = 0. Is s prime?
False
Suppose -6285 = -47*t + 32*t. Let n = t + 8360. Is n composite?
False
Let b be 1*(-2 + 4 + -7 + 2). Is (-1)/(b/(-18)) - -1219 composite?
False
Suppose l + 4*i = 200 + 692, -2634 = -3*l + 2*i. Let y = 2254 - l. Let k = 2251 - y. Is k composite?
False
Let m = -5 + 9. Suppose -9*j = -6*j - 3606. Suppose -m*l - j = -12310. Is l a prime number?
True
Suppose 3*d - 5*g = -8*g + 574257, -g - 2679776 = -14*d. Is d composite?
False
Let z = 211605 + -93946. Is z a prime number?
True
Suppose -72 = -4*r + 28*r. Is 714 + r + (-8)/(-12)*-3 a prime number?
True
Let p = 474 - 65. Suppose 0 = -8*y + 4*y + 3244. Suppose p + y = 4*j. Is j a composite number?
True
Let p(l) = 494*l**3 - 2*l**2 - 3*l + 5. Let b(a) = -15*a - 328. Let z be b(-22). Is p(z) a prime number?
True
Let b = -18 - -12. Let j be (8/6)/(-5*(-4)/9510). Is b/(6 - 4) + j a composite number?
False
Suppose 5*b + 20 = 2*k, 9*k - 4*k = 4*b + 33. Is -69 + 1794 - 1/(b/4) a composite number?
True
Suppose -d - 164*r + 2410 = -163*r, -7224 = -3*d - 5*r. Is d prime?
False
Let c = -417960 + 638617. Is c a prime number?
False
Is (-742 - (-8 + 6 + 3))*-419 prime?
False
Let d(r) = -14*r - 3*r**2 - 13 - 107*r**3 + 10*r - 3 + 14. Suppose g - 4*f = -13, 5*f = -4*g + g + 12. Is d(g) composite?
True
Let k(v) = -19842*v + 989. Is k(-21) a composite number?
False
Let k(f) = 2*f**3 + 6*f**2 + 5*f - 11. Let n be k(-5). Is (-142 - 0)*(8 - n/(-16)) a composite number?
False
Suppose -11*o + 6*o + 80 = 0. Suppose -12*n + o*n = 740. Suppose -p - n = -2*p. Is p a composite number?
True
Let n(t) = 5642*t**3 + 7*t**2 - 7*t - 43. Is n(3) a composite number?
True
Let l(n) = -n**2 - 2*n + 26. Let u be l(4). Suppose u = -y, 2*y + 16792 = -4*m + 8*m. Is m composite?
True
Suppose -41*r + 7291145 = 807774. Is r a prime number?
False
Suppose -450*z + 119931 = -429*z. Is z a prime number?
True
Let n(m) = 634*m**3 - 40*m**2 + 410*m + 133. Is n(15) a composite number?
False
Let d be 424/265*10/4. Suppose -5*k - 65230 = -5*m, 18501 = -d*m + k + 70688. Is m composite?
True
Let d = 64167 - 40135. Let f = 605 + d. Is f composite?
True
Let x = 41340 - -391619. Is x composite?
False
Let u be 820 + (2 - (3 + -1)). Suppose 0 = -7*a - 1411 + 32. Let k = u + a. Is k a composite number?
True
Suppose 3*j + 4869 = -3*t, j + 4*t + 4871 = -2*j. Let c = j - -18770. Is c composite?
True
Suppose 0 = -33*o + 27*o + 30. Suppose -o*z + i + 0*i + 23133 = 0, 5*i + 18498 = 4*z. Is z a prime number?
False
Let f be (-3 - -5)/(3/6). Suppose 2*h - 1645 = -5*z + 453, z = 3*h - 3113. Let v = h + f. Is v prime?
False
Is -3 + ((-81302800)/48 + -31)*(-1 - 2) a prime number?
False
Suppose -5*m = -5*f + 90550, 0*f + 5*f - 2*m - 90574 = 0. Is f a prime number?
False
Let r(z) = 307*z - 49. Let p(m) = -611*m + 96. Let s(v) = 6*p(v) + 11*r(v). Is s(-10) prime?
True
Suppose -3*z = 0, -3*s - 4*z + 113373 - 374946 = 0. Let b(y) = 18*y. Let r be b(1). Is s/(-117) - 4/r a prime number?
False
Let l be 4/(1 - 0 - 0). Suppose l*t + 0*r = -5*r + 41253, 0 = 4*t - 5*r - 41203. Is t prime?
False
Suppose -u - 82259 = -4*b + 4*u, 3*b + u - 61680 = 0. Is b a composite number?
True
Let w be (-3)/(6/4) + 1448. Let j(k) = k**2 + 60*k - 69. Let z be j(-50). Let m = w + z. Is m prime?
True
Suppose -4371738 - 9133785 = -152*f + 1193333. Is f a prime number?
True
Suppose 4*c - 21852 = -2*x, c = 8*x - 6*x + 5458. Let q = c + -601. Is q a prime number?
True
Let a(m) = m**2 + 2*m - 6. Let j be a(4). Suppose -12*s - j*s + 61590 = 0. Is s a prime number?
True
Suppose -2*r = -3*d - 5*r + 40023, -2*d - 3*r + 26685 = 0. Suppose 6*m + 2940 = d. Is m a composite number?
False
Let u = -346 - -350. Suppose -4*i + 3*d = u*d - 42545, -5*i + 53170 = 5*d. Is i composite?
True
Suppose 0 = -7*g + 196675 + 161739. Is g prime?
False
Suppose 64*k + 4970162 = 13804809 + 3559529. Is k composite?
True
Let w = -26 - -26. Suppose 0 = -w*u + u - 4. Suppose 0 = -3*o + 5*q + 407, u*q = -4*o + 2*q + 560. Is o prime?
True
Suppose 7*x - 10*x = -6. Let k(t) = 45*t**3 - 2*t**2 - 6*t + x*t**2 + t**2 - 33*t**3 + 4. Is k(3) a composite number?
True
Let x = 96799 - 62106. Is x composite?
False
Let v(p) = 24*p + 25. Let o be (6/3 - -2) + 1. Let r be v(o). Suppose r*l = 143*l + 2830. Is l a prime number?
False
Suppose -9415*g = -9375*g - 20347960. Is g a prime number?
False
Suppose -5819547 - 18601375 = -94*w - 3609980. Is w a composite number?
Fa